{"id":324,"date":"2024-09-12T12:31:10","date_gmt":"2024-09-12T10:31:10","guid":{"rendered":"https:\/\/www.rougedelta.fr\/?page_id=324"},"modified":"2026-03-11T09:42:18","modified_gmt":"2026-03-11T08:42:18","slug":"148-2-2","status":"publish","type":"page","link":"https:\/\/www.rougedelta.fr\/?page_id=324","title":{"rendered":"Du Sucre sur les mains"},"content":{"rendered":"\n<div class=\"wp-block-group alignfull has-base-background-color has-background is-layout-constrained wp-container-core-group-is-layout-d5d53815 wp-block-group-is-layout-constrained\" style=\"margin-top:0;margin-bottom:0;padding-top:var(--wp--preset--spacing--30);padding-right:var(--wp--preset--spacing--30);padding-bottom:var(--wp--preset--spacing--30);padding-left:var(--wp--preset--spacing--30)\">\n<h2 class=\"wp-block-heading alignwide\" style=\"font-size:34px\"><strong>Du Sucre sur les Mains<\/strong>, h\u00e9riter de l&rsquo;esclavage<\/h2>\n\n\n\n<figure class=\"wp-block-image alignwide size-large\"><img loading=\"lazy\" decoding=\"async\" width=\"1024\" height=\"724\" src=\"https:\/\/www.rougedelta.fr\/wp-content\/uploads\/2024\/09\/Rapport-dactivite-2024-1024x724.png\" alt=\"\" class=\"wp-image-325\" srcset=\"https:\/\/www.rougedelta.fr\/wp-content\/uploads\/2024\/09\/Rapport-dactivite-2024-1024x724.png 1024w, https:\/\/www.rougedelta.fr\/wp-content\/uploads\/2024\/09\/Rapport-dactivite-2024-300x212.png 300w, https:\/\/www.rougedelta.fr\/wp-content\/uploads\/2024\/09\/Rapport-dactivite-2024-768x543.png 768w, https:\/\/www.rougedelta.fr\/wp-content\/uploads\/2024\/09\/Rapport-dactivite-2024-1536x1086.png 1536w, https:\/\/www.rougedelta.fr\/wp-content\/uploads\/2024\/09\/Rapport-dactivite-2024.png 2000w\" sizes=\"auto, (max-width: 1024px) 100vw, 1024px\" \/><figcaption class=\"wp-element-caption\">&nbsp;\u00a9 Ionela Demian <\/figcaption><\/figure>\n\n\n\n<h2 class=\"wp-block-heading alignwide has-text-align-left has-space-mono-font-family\" style=\"margin-top:var(--wp--preset--spacing--50);margin-bottom:var(--wp--preset--spacing--50);font-size:15px;line-height:1.9\"><strong>Cr\u00e9ation 2022<\/strong> <strong>+ une performance documentaire sur le commerce esclavagiste<\/strong> <br>Du Sucre sur les mains est une performance documentaire m\u00ealant archives t\u00e9moignages, danse et th\u00e9\u00e2tre pour aborder l\u2019histoire du commerce esclavagiste \u00e0 partir d\u2019une denr\u00e9e touchant notre quotidien, le sucre. Au fil des tableaux, entrem\u00ealant pass\u00e9 et pr\u00e9sent, prennent vie les rouages et les \u00e9l\u00e9ments principaux de l\u2019\u00e9conomie esclavagiste qui engendra l\u2019un des plus grands crimes contre l\u2019humanit\u00e9. M\u00ealant th\u00e9\u00e2tre documentaire, performance et danse, Du Sucre sur les Mains questionne les h\u00e9ritages de l&rsquo;esclavage. C\u2019est par le prisme du sucre et de la fascination qu\u2019il a entra\u00een\u00e9, et qu\u2019il provoque encore, que cette cr\u00e9ation s&#8217;empare de l&rsquo;histoire du commerce esclavagiste.<\/h2>\n\n\n\n<div class=\"wp-block-columns alignwide is-layout-flex wp-container-core-columns-is-layout-549b0c86 wp-block-columns-is-layout-flex\">\n<div class=\"wp-block-column is-vertically-aligned-top is-content-justification-left is-layout-constrained wp-container-core-column-is-layout-4f15e8fe wp-block-column-is-layout-constrained\" style=\"flex-basis:40%\">\n<p class=\"has-text-color has-link-color wp-elements-16414b9892dda173061dcf8f33063a87\" style=\"color:#2c2a2a;font-size:0.8rem\"><strong>+ mise en sc\u00e8ne, interpr\u00e9tation<\/strong> <br>Elie Fico<br>Lucie Monzi\u00e8s<br>M\u00e9lin\u00e9 Ter Minassian<\/p>\n\n\n\n<p class=\"has-text-color has-link-color wp-elements-59fb904876f4d5c02e054cd318a44261\" style=\"color:#2c2a2a;font-size:0.8rem\"><strong>+<\/strong> <strong>\u00e9criture<\/strong> <br>Lucie Monzi\u00e8s<\/p>\n\n\n\n<p class=\"has-text-color has-link-color wp-elements-e01a667fee5790b82366d29a6b0417b1\" style=\"color:#2c2a2a;font-size:0.8rem\"><strong>+ costume et sc\u00e9nographie<\/strong><br>Ariane Chapelet <\/p>\n\n\n\n<p class=\"has-text-color has-link-color wp-elements-449697a1a4a39b75106a7f4ab0a53e51\" style=\"color:#2c2a2a;font-size:0.8rem\"><strong>+ cr\u00e9ation et r\u00e9gie son<\/strong><br>Izumi Grisinger<\/p>\n\n\n\n<p class=\"has-text-color has-link-color wp-elements-77c4702927134abe74e42a4d7f10450d\" style=\"color:#2c2a2a;font-size:0.8rem\">+ <strong>regards ext\u00e9rieurs <\/strong><br>Rajai Bimbo<br>Mickael Gravier<br>Laura M\u00e9vel<\/p>\n\n\n\n<p class=\"has-text-color has-link-color wp-elements-86e50e7c7375eca0a3b7234f0267bc09\" style=\"color:#2c2a2a;font-size:0.8rem\">+ <strong>production<\/strong> <strong>et diffusion<\/strong><br>Lucie Monzi\u00e8s et Anna Ernould <\/p>\n\n\n\n<p class=\"has-text-color has-link-color wp-elements-0c9e8c99f6c72398abcdd0aa82773f8d\" style=\"color:#407ca2;font-size:1.1rem\"><strong><a href=\"https:\/\/www.rougedelta.fr\/wp-content\/uploads\/2024\/09\/Du-sucre-sur-les-mains-dossier-2024.pdf\" data-type=\"link\" data-id=\"https:\/\/www.rougedelta.fr\/wp-content\/uploads\/2024\/09\/Du-sucre-sur-les-mains-dossier-2024.pdf\">Dossier de cr\u00e9ation<\/a><\/strong><\/p>\n<\/div>\n\n\n\n<div class=\"wp-block-column is-layout-flow wp-container-core-column-is-layout-119bc444 wp-block-column-is-layout-flow\" style=\"flex-basis:60%\">\n<p class=\"has-text-color has-link-color wp-elements-07f8efbe96b6855c391ff9fe172caab4\" style=\"color:#2c2a2a;font-size:1rem\"><em>Ici le temps se suspend, il appelle \u00e0 la m\u00e9moire. Et sur sc\u00e8ne le sucre se r\u00e9pand, un bateau le fend, une femme se lave avec, des enfants jouent, un homme en veut toujours et encore plus. Au fil des tableaux, entrem\u00ealant pass\u00e9 et pr\u00e9sent, prennent vie les rouages et les \u00e9l\u00e9ments principaux de l\u2019\u00e9conomie esclavagiste qui engendra l\u2019un des plus grands crimes contre l\u2019humanit\u00e9. M\u00ealant th\u00e9\u00e2tre documentaire, performance et danse, Du Sucre sur les Mains questionne les h\u00e9ritages de l&rsquo;esclavage. C\u2019est par le prisme du sucre et de la fascination qu\u2019il a entra\u00een\u00e9, et qu\u2019il provoque encore, que cette cr\u00e9ation s&#8217;empare de l&rsquo;histoire du commerce esclavagiste.<\/em><\/p>\n\n\n\n<p class=\"has-small-font-size\"><strong>Production <\/strong><\/p>\n\n\n\n<p class=\"has-space-mono-font-family\" style=\"font-size:0.8rem\"><strong>une coproduction<\/strong> Kraken et Rouge Delta<br><strong>partenariats <\/strong> DILCRAH, DRAC Centre Val de Loire, Communaut\u00e9 de Communes Val de Cher Controis &#8211; r\u00e9sidence Louhenrie, D\u00e9partement de Loire Atlantique &#8211; dispositif Grandir avec la culture, Ville de Nantes &#8211; aide \u00e0 l&rsquo;\u00e9mergence. Fondation pour la M\u00e9moire de l&rsquo;esclavage (label et soutien), Liguede l&rsquo;enseignement 44, Lolab, Pol&rsquo;n, Maison de l&rsquo;Afrique, Archives D\u00e9partementales 44, Cosmopolis<\/p>\n<\/div>\n<\/div>\n<\/div>\n\n\n\n<div style=\"height:31px\" aria-hidden=\"true\" class=\"wp-block-spacer\"><\/div>\n\n\n\n<div class=\"wp-block-group alignfull has-base-background-color has-background is-layout-constrained wp-container-core-group-is-layout-d5d53815 wp-block-group-is-layout-constrained\" style=\"margin-top:0;margin-bottom:0;padding-top:var(--wp--preset--spacing--30);padding-right:var(--wp--preset--spacing--30);padding-bottom:var(--wp--preset--spacing--30);padding-left:var(--wp--preset--spacing--30)\">\n<h2 class=\"wp-block-heading alignwide\" style=\"font-size:34px\"><strong>Les parall\u00e8les <\/strong><\/h2>\n\n\n\n<div class=\"wp-block-columns alignwide is-layout-flex wp-container-core-columns-is-layout-549b0c86 wp-block-columns-is-layout-flex\">\n<div class=\"wp-block-column is-layout-flow wp-block-column-is-layout-flow\">\n<figure class=\"wp-block-image alignwide size-full is-style-default\"><img loading=\"lazy\" decoding=\"async\" width=\"930\" height=\"620\" src=\"https:\/\/www.rougedelta.fr\/wp-content\/uploads\/2024\/12\/444456806_963076385612312_7449972049734092446_n.jpg\" alt=\"\" class=\"wp-image-521\" srcset=\"https:\/\/www.rougedelta.fr\/wp-content\/uploads\/2024\/12\/444456806_963076385612312_7449972049734092446_n.jpg 930w, https:\/\/www.rougedelta.fr\/wp-content\/uploads\/2024\/12\/444456806_963076385612312_7449972049734092446_n-300x200.jpg 300w, https:\/\/www.rougedelta.fr\/wp-content\/uploads\/2024\/12\/444456806_963076385612312_7449972049734092446_n-768x512.jpg 768w\" sizes=\"auto, (max-width: 930px) 100vw, 930px\" \/><\/figure>\n\n\n\n<p class=\"has-small-font-size\">Des ateliers de m\u00e9diation \u00e0 destination des scolaires <\/p>\n<\/div>\n\n\n\n<div class=\"wp-block-column is-layout-flow wp-block-column-is-layout-flow\">\n<figure class=\"wp-block-image alignwide size-large is-style-default\"><img loading=\"lazy\" decoding=\"async\" width=\"1024\" height=\"683\" src=\"https:\/\/www.rougedelta.fr\/wp-content\/uploads\/2024\/12\/IMG_8072-1024x683.jpg\" alt=\"\" class=\"wp-image-525\" srcset=\"https:\/\/www.rougedelta.fr\/wp-content\/uploads\/2024\/12\/IMG_8072-1024x683.jpg 1024w, https:\/\/www.rougedelta.fr\/wp-content\/uploads\/2024\/12\/IMG_8072-300x200.jpg 300w, https:\/\/www.rougedelta.fr\/wp-content\/uploads\/2024\/12\/IMG_8072-768x513.jpg 768w, https:\/\/www.rougedelta.fr\/wp-content\/uploads\/2024\/12\/IMG_8072-1536x1025.jpg 1536w, https:\/\/www.rougedelta.fr\/wp-content\/uploads\/2024\/12\/IMG_8072-2048x1367.jpg 2048w\" sizes=\"auto, (max-width: 1024px) 100vw, 1024px\" \/><\/figure>\n\n\n\n<p class=\"has-small-font-size\">Un micro-trottoir mouvant au fil des villes travers\u00e9es<br><\/p>\n<\/div>\n\n\n\n<div class=\"wp-block-column is-layout-flow wp-block-column-is-layout-flow\">\n<figure class=\"wp-block-image alignwide size-large is-style-default\"><img loading=\"lazy\" decoding=\"async\" width=\"1024\" height=\"683\" src=\"https:\/\/www.rougedelta.fr\/wp-content\/uploads\/2024\/12\/IMG_8038-1-1024x683.jpg\" alt=\"\" class=\"wp-image-523\" srcset=\"https:\/\/www.rougedelta.fr\/wp-content\/uploads\/2024\/12\/IMG_8038-1-1024x683.jpg 1024w, https:\/\/www.rougedelta.fr\/wp-content\/uploads\/2024\/12\/IMG_8038-1-300x200.jpg 300w, https:\/\/www.rougedelta.fr\/wp-content\/uploads\/2024\/12\/IMG_8038-1-768x513.jpg 768w, https:\/\/www.rougedelta.fr\/wp-content\/uploads\/2024\/12\/IMG_8038-1-1536x1025.jpg 1536w, https:\/\/www.rougedelta.fr\/wp-content\/uploads\/2024\/12\/IMG_8038-1-2048x1367.jpg 2048w\" sizes=\"auto, (max-width: 1024px) 100vw, 1024px\" \/><\/figure>\n\n\n\n<p class=\"has-small-font-size\">Un stage de cr\u00e9ation sonore sur la r\u00e9sistance ha\u00eftienne &#8211; Le r\u00eave de Sanite Belair          <a href=\"https:\/\/www.rougedelta.fr\/?page_id=356\">En savoir plus<\/a><\/p>\n<\/div>\n<\/div>\n<\/div>\n\n\n\n<p><\/p>\n\n\n\n<p><\/p>\n","protected":false},"excerpt":{"rendered":"<p>Du Sucre sur les Mains, h\u00e9riter de l&rsquo;esclavage Cr\u00e9ation 2022 + une performance documentaire sur le commerce esclavagiste Du Sucre sur les mains est une performance documentaire m\u00ealant archives t\u00e9moignages, danse et th\u00e9\u00e2tre pour aborder l\u2019histoire du commerce esclavagiste \u00e0 partir d\u2019une denr\u00e9e touchant notre quotidien, le sucre. Au fil des tableaux, entrem\u00ealant pass\u00e9 et [&hellip;]<\/p>\n","protected":false},"author":1,"featured_media":0,"parent":0,"menu_order":0,"comment_status":"closed","ping_status":"closed","template":"page-no-separators","meta":{"footnotes":""},"class_list":["post-324","page","type-page","status-publish","hentry"],"_links":{"self":[{"href":"https:\/\/www.rougedelta.fr\/index.php?rest_route=\/wp\/v2\/pages\/324","targetHints":{"allow":["GET"]}}],"collection":[{"href":"https:\/\/www.rougedelta.fr\/index.php?rest_route=\/wp\/v2\/pages"}],"about":[{"href":"https:\/\/www.rougedelta.fr\/index.php?rest_route=\/wp\/v2\/types\/page"}],"author":[{"embeddable":true,"href":"https:\/\/www.rougedelta.fr\/index.php?rest_route=\/wp\/v2\/users\/1"}],"replies":[{"embeddable":true,"href":"https:\/\/www.rougedelta.fr\/index.php?rest_route=%2Fwp%2Fv2%2Fcomments&post=324"}],"version-history":[{"count":19,"href":"https:\/\/www.rougedelta.fr\/index.php?rest_route=\/wp\/v2\/pages\/324\/revisions"}],"predecessor-version":[{"id":670,"href":"https:\/\/www.rougedelta.fr\/index.php?rest_route=\/wp\/v2\/pages\/324\/revisions\/670"}],"wp:attachment":[{"href":"https:\/\/www.rougedelta.fr\/index.php?rest_route=%2Fwp%2Fv2%2Fmedia&parent=324"}],"curies":[{"name":"wp","href":"https:\/\/api.w.org\/{rel}","templated":true}]}}

<div class="wp-block-group alignfull has-base-background-color has-background is-layout-constrained wp-container-core-group-is-layout-d5d53815 wp-block-group-is-layout-constrained" style="margin-top:0;margin-bottom:0;padding-top:var(--wp--preset--spacing--30);padding-right:var(--wp--preset--spacing--30);padding-bottom:var(--wp--preset--spacing--30);padding-left:var(--wp--preset--spacing--30)">
<h2 class="wp-block-heading alignwide" style="font-size:34px"><strong>Du Sucre sur les Mains</strong>, hériter de l&rsquo;esclavage</h2>



<figure class="wp-block-image alignwide size-large"><img loading="lazy" decoding="async" width="1024" height="724" src="https://www.rougedelta.fr/wp-content/uploads/2024/09/Rapport-dactivite-2024-1024x724.png" alt="" class="wp-image-325" srcset="https://www.rougedelta.fr/wp-content/uploads/2024/09/Rapport-dactivite-2024-1024x724.png 1024w, https://www.rougedelta.fr/wp-content/uploads/2024/09/Rapport-dactivite-2024-300x212.png 300w, https://www.rougedelta.fr/wp-content/uploads/2024/09/Rapport-dactivite-2024-768x543.png 768w, https://www.rougedelta.fr/wp-content/uploads/2024/09/Rapport-dactivite-2024-1536x1086.png 1536w, https://www.rougedelta.fr/wp-content/uploads/2024/09/Rapport-dactivite-2024.png 2000w" sizes="auto, (max-width: 1024px) 100vw, 1024px" /><figcaption class="wp-element-caption">&nbsp;© Ionela Demian </figcaption></figure>



<h2 class="wp-block-heading alignwide has-text-align-left has-space-mono-font-family" style="margin-top:var(--wp--preset--spacing--50);margin-bottom:var(--wp--preset--spacing--50);font-size:15px;line-height:1.9"><strong>Création 2022</strong> <strong>+ une performance documentaire sur le commerce esclavagiste</strong> <br>Du Sucre sur les mains est une performance documentaire mêlant archives témoignages, danse et théâtre pour aborder l’histoire du commerce esclavagiste à partir d’une denrée touchant notre quotidien, le sucre. Au fil des tableaux, entremêlant passé et présent, prennent vie les rouages et les éléments principaux de l’économie esclavagiste qui engendra l’un des plus grands crimes contre l’humanité. Mêlant théâtre documentaire, performance et danse, Du Sucre sur les Mains questionne les héritages de l&rsquo;esclavage. C’est par le prisme du sucre et de la fascination qu’il a entraîné, et qu’il provoque encore, que cette création s&#8217;empare de l&rsquo;histoire du commerce esclavagiste.</h2>



<div class="wp-block-columns alignwide is-layout-flex wp-container-core-columns-is-layout-549b0c86 wp-block-columns-is-layout-flex">
<div class="wp-block-column is-vertically-aligned-top is-content-justification-left is-layout-constrained wp-container-core-column-is-layout-4f15e8fe wp-block-column-is-layout-constrained" style="flex-basis:40%">
<p class="has-text-color has-link-color wp-elements-16414b9892dda173061dcf8f33063a87" style="color:#2c2a2a;font-size:0.8rem"><strong>+ mise en scène, interprétation</strong> <br>Elie Fico<br>Lucie Monziès<br>Méliné Ter Minassian</p>



<p class="has-text-color has-link-color wp-elements-59fb904876f4d5c02e054cd318a44261" style="color:#2c2a2a;font-size:0.8rem"><strong>+</strong> <strong>écriture</strong> <br>Lucie Monziès</p>



<p class="has-text-color has-link-color wp-elements-e01a667fee5790b82366d29a6b0417b1" style="color:#2c2a2a;font-size:0.8rem"><strong>+ costume et scénographie</strong><br>Ariane Chapelet </p>



<p class="has-text-color has-link-color wp-elements-449697a1a4a39b75106a7f4ab0a53e51" style="color:#2c2a2a;font-size:0.8rem"><strong>+ création et régie son</strong><br>Izumi Grisinger</p>



<p class="has-text-color has-link-color wp-elements-77c4702927134abe74e42a4d7f10450d" style="color:#2c2a2a;font-size:0.8rem">+ <strong>regards extérieurs </strong><br>Rajai Bimbo<br>Mickael Gravier<br>Laura Mével</p>



<p class="has-text-color has-link-color wp-elements-86e50e7c7375eca0a3b7234f0267bc09" style="color:#2c2a2a;font-size:0.8rem">+ <strong>production</strong> <strong>et diffusion</strong><br>Lucie Monziès et Anna Ernould </p>



<p class="has-text-color has-link-color wp-elements-0c9e8c99f6c72398abcdd0aa82773f8d" style="color:#407ca2;font-size:1.1rem"><strong><a href="https://www.rougedelta.fr/wp-content/uploads/2024/09/Du-sucre-sur-les-mains-dossier-2024.pdf" data-type="link" data-id="https://www.rougedelta.fr/wp-content/uploads/2024/09/Du-sucre-sur-les-mains-dossier-2024.pdf">Dossier de création</a></strong></p>
</div>



<div class="wp-block-column is-layout-flow wp-container-core-column-is-layout-119bc444 wp-block-column-is-layout-flow" style="flex-basis:60%">
<p class="has-text-color has-link-color wp-elements-07f8efbe96b6855c391ff9fe172caab4" style="color:#2c2a2a;font-size:1rem"><em>Ici le temps se suspend, il appelle à la mémoire. Et sur scène le sucre se répand, un bateau le fend, une femme se lave avec, des enfants jouent, un homme en veut toujours et encore plus. Au fil des tableaux, entremêlant passé et présent, prennent vie les rouages et les éléments principaux de l’économie esclavagiste qui engendra l’un des plus grands crimes contre l’humanité. Mêlant théâtre documentaire, performance et danse, Du Sucre sur les Mains questionne les héritages de l&rsquo;esclavage. C’est par le prisme du sucre et de la fascination qu’il a entraîné, et qu’il provoque encore, que cette création s&#8217;empare de l&rsquo;histoire du commerce esclavagiste.</em></p>



<p class="has-small-font-size"><strong>Production </strong></p>



<p class="has-space-mono-font-family" style="font-size:0.8rem"><strong>une coproduction</strong> Kraken et Rouge Delta<br><strong>partenariats </strong> DILCRAH, DRAC Centre Val de Loire, Communauté de Communes Val de Cher Controis &#8211; résidence Louhenrie, Département de Loire Atlantique &#8211; dispositif Grandir avec la culture, Ville de Nantes &#8211; aide à l&rsquo;émergence. Fondation pour la Mémoire de l&rsquo;esclavage (label et soutien), Liguede l&rsquo;enseignement 44, Lolab, Pol&rsquo;n, Maison de l&rsquo;Afrique, Archives Départementales 44, Cosmopolis</p>
</div>
</div>
</div>



<div style="height:31px" aria-hidden="true" class="wp-block-spacer"></div>



<div class="wp-block-group alignfull has-base-background-color has-background is-layout-constrained wp-container-core-group-is-layout-d5d53815 wp-block-group-is-layout-constrained" style="margin-top:0;margin-bottom:0;padding-top:var(--wp--preset--spacing--30);padding-right:var(--wp--preset--spacing--30);padding-bottom:var(--wp--preset--spacing--30);padding-left:var(--wp--preset--spacing--30)">
<h2 class="wp-block-heading alignwide" style="font-size:34px"><strong>Les parallèles </strong></h2>



<div class="wp-block-columns alignwide is-layout-flex wp-container-core-columns-is-layout-549b0c86 wp-block-columns-is-layout-flex">
<div class="wp-block-column is-layout-flow wp-block-column-is-layout-flow">
<figure class="wp-block-image alignwide size-full is-style-default"><img loading="lazy" decoding="async" width="930" height="620" src="https://www.rougedelta.fr/wp-content/uploads/2024/12/444456806_963076385612312_7449972049734092446_n.jpg" alt="" class="wp-image-521" srcset="https://www.rougedelta.fr/wp-content/uploads/2024/12/444456806_963076385612312_7449972049734092446_n.jpg 930w, https://www.rougedelta.fr/wp-content/uploads/2024/12/444456806_963076385612312_7449972049734092446_n-300x200.jpg 300w, https://www.rougedelta.fr/wp-content/uploads/2024/12/444456806_963076385612312_7449972049734092446_n-768x512.jpg 768w" sizes="auto, (max-width: 930px) 100vw, 930px" /></figure>



<p class="has-small-font-size">Des ateliers de médiation à destination des scolaires </p>
</div>



<div class="wp-block-column is-layout-flow wp-block-column-is-layout-flow">
<figure class="wp-block-image alignwide size-large is-style-default"><img loading="lazy" decoding="async" width="1024" height="683" src="https://www.rougedelta.fr/wp-content/uploads/2024/12/IMG_8072-1024x683.jpg" alt="" class="wp-image-525" srcset="https://www.rougedelta.fr/wp-content/uploads/2024/12/IMG_8072-1024x683.jpg 1024w, https://www.rougedelta.fr/wp-content/uploads/2024/12/IMG_8072-300x200.jpg 300w, https://www.rougedelta.fr/wp-content/uploads/2024/12/IMG_8072-768x513.jpg 768w, https://www.rougedelta.fr/wp-content/uploads/2024/12/IMG_8072-1536x1025.jpg 1536w, https://www.rougedelta.fr/wp-content/uploads/2024/12/IMG_8072-2048x1367.jpg 2048w" sizes="auto, (max-width: 1024px) 100vw, 1024px" /></figure>



<p class="has-small-font-size">Un micro-trottoir mouvant au fil des villes traversées<br></p>
</div>



<div class="wp-block-column is-layout-flow wp-block-column-is-layout-flow">
<figure class="wp-block-image alignwide size-large is-style-default"><img loading="lazy" decoding="async" width="1024" height="683" src="https://www.rougedelta.fr/wp-content/uploads/2024/12/IMG_8038-1-1024x683.jpg" alt="" class="wp-image-523" srcset="https://www.rougedelta.fr/wp-content/uploads/2024/12/IMG_8038-1-1024x683.jpg 1024w, https://www.rougedelta.fr/wp-content/uploads/2024/12/IMG_8038-1-300x200.jpg 300w, https://www.rougedelta.fr/wp-content/uploads/2024/12/IMG_8038-1-768x513.jpg 768w, https://www.rougedelta.fr/wp-content/uploads/2024/12/IMG_8038-1-1536x1025.jpg 1536w, https://www.rougedelta.fr/wp-content/uploads/2024/12/IMG_8038-1-2048x1367.jpg 2048w" sizes="auto, (max-width: 1024px) 100vw, 1024px" /></figure>



<p class="has-small-font-size">Un stage de création sonore sur la résistance haïtienne &#8211; Le rêve de Sanite Belair          <a href="https://www.rougedelta.fr/?page_id=356">En savoir plus</a></p>
</div>
</div>
</div>



<p></p>



<p></p>

<p>Du Sucre sur les Mains, hériter de l&rsquo;esclavage Création 2022 + une performance documentaire sur le commerce esclavagiste Du Sucre sur les mains est une performance documentaire mêlant archives témoignages, danse et théâtre pour aborder l’histoire du commerce esclavagiste à partir d’une denrée touchant notre quotidien, le sucre. Au fil des tableaux, entremêlant passé et [&hellip;]</p>
